 954062?
6
What is the units digit of 137770?
0
What is the tens digit of 801418?
1
What is the units digit of 1334228?
8
What is the units digit of 55823?
3
What is the millions digit of 2995431?
2
What is the units digit of 2203458?
8
What is the tens digit of 1401615?
1
What is the millions digit of 1310417?
1
What is the ten thousands digit of 1005471?
0
What is the ten thousands digit of 3764425?
6
What is the hundred thousands digit of 1663264?
6
What is the units digit of 20135660?
0
What is the hundreds digit of 809014?
0
What is the hundred thousands digit of 620100?
6
What is the thousands digit of 110521?
0
What is the tens digit of 367486?
8
What is the thousands digit of 84078?
4
What is the units digit of 182511?
1
What is the thousands digit of 4380453?
0
What is the hundred thousands digit of 139834?
1
What is the hundreds digit of 2581627?
6
What is the millions digit of 13394064?
3
What is the thousands digit of 7973785?
3
What is the tens digit of 2629622?
2
What is the units digit of 417023?
3
What is the thousands digit of 190694?
0
What is the ten thousands digit of 127357?
2
What is the hundred thousands digit of 2191987?
1
What is the hundreds digit of 37429?
4
What is the units digit of 57627?
7
What is the hundreds digit of 524109?
1
What is the millions digit of 2239592?
2
What is the ten thousands digit of 4819148?
1
What is the hundred thousands digit of 563541?
5
What is the units digit of 6867228?
8
What is the units digit of 4659037?
7
What is the ten millions digit of 10584426?
1
What is the tens digit of 5658773?
7
What is the ten thousands digit of 3567202?
6
What is the millions digit of 2464365?
2
What is the hundreds digit of 40239?
2
What is the units digit of 1285631?
1
What is the hundreds digit of 8515180?
1
What is the hundreds digit of 2024427?
4
What is the units digit of 6536760?
0
What is the hundreds digit of 207971?
9
What is the millions digit of 1210868?
1
What is the hundred thousands digit of 450799?
4
What is the hundred thousands digit of 1296782?
2
What is the tens digit of 114832?
3
What is the hundred thousands digit of 2147201?
1
What is the tens digit of 135318?
1
What is the millions digit of 9153075?
9
What is the thousands digit of 14226907?
6
What is the hundreds digit of 910933?
9
What is the millions digit of 2717346?
2
What is the thousands digit of 250589?
0
What is the units digit of 202?
2
What is the hundred thousands digit of 282073?
2
What is the ten millions digit of 22783573?
2
What is the hundreds digit of 196323?
3
What is the hundreds digit of 1762913?
9
What is the thousands digit of 1766871?
6
What is the hundred thousands digit of 1847142?
8
What is the ten thousands digit of 182554?
8
What is the ten thousands digit of 425150?
2
What is the units digit of 425417?
7
What is the millions digit of 3900397?
3
What is the tens digit of 8327064?
6
What is the tens digit of 3535464?
6
What is the hundreds digit of 1757417?
4
What is the hundreds digit of 2346787?
7
What is the thousands digit of 1107755?
7
What is the ten thousands digit of 1160991?
6
What is the thousands digit of 807172?
7
What is the tens digit of 3086258?
5
What is the tens digit of 17885286?
8
What is the millions digit of 4165562?
4
What is the hundred thousands digit of 348427?
3
What is the tens digit of 52719?
1
What is the ten thousands digit of 4844053?
4
What is the hundreds digit of 328697?
6
What is the tens digit of 1777694?
9
What is the tens digit of 201584?
8
What is the hundreds digit of 762068?
0
What is the thousands digit of 1511457?
1
What is the millions digit of 15049456?
5
What is the ten thousands digit of 2461469?
6
What is the thousands digit of 1948519?
8
What is the thousands digit of 453205?
3
What is the ten thousands digit of 2208445?
0
What is the hundred thousands digit of 7441487?
4
What is the units digit of 2187396?
6
What is the thousands digit of 2273580?
3
What is the units digit of 43658?
8
What is the hundreds digit of 3491635?
6
What is the hundred thousands digit of 9874600?
8
What is the tens digit of 270921?
2
What is the thousands digit of 14976815?
6
What is the hundreds digit of 1927460?
4
What is the tens digit of 1187940?
4
What is the ten millions digit of 22236370?
2
What is the ten thousands digit of 4220020?
2
What is the thousands digit of 132570?
2
What is the thousands digit of 3173673?
3
What is the units digit of 928013?
3
What is the hundred thousands digit of 630699?
6
What is the ten thousands digit of 160006?
6
What is the hundred thousands digit of 1260911?
2
What is the thousands digit of 521509?
1
What is the millions digit of 3432866?
3
What is the tens digit of 4498247?
4
What is the tens digit of 38489876?
7
What is the tens digit of 227007?
0
What is the hundreds digit of 409049?
0
What is the units digit of 21153333?
3
What is the thousands digit of 18868058?
8
What is the hundreds digit of 175043?
0
What is the millions digit of 12962763?
2
What is the hundreds digit of 264465?
4
What is the thousands digit of 347701?
7
What is the units digit of 14802600?
0
What is the tens digit of 74835?
3
What is the hundreds digit of 8214657?
6
What is the millions digit of 1316966?
1
What is the ten thousands digit of 31233596?
3
What is the hundreds digit of 6024609?
6
What is the ten thousands digit of 25070?
2
What is the tens digit of 645309?
0
What is the ten millions digit of 10883304?
1
What is the thousands digit of 602977?
2
What is the hundreds digit of 13292695?
6
What is the hundreds digit of 5421422?
4
What is the ten thousands digit of 6733157?
3
What is the ten thousands digit of 2039014?
3
What is the units digit of 23108626?
6
What is the ten thousands digit of 85747?
8
What is the thousands digit of 265405?
5
What is the millions digit of 5242491?
5
What is the units digit of 3919465?
5
What is the units digit of 1144418?
8
What is the hundreds digit of 920788?
7
What is the tens digit of 179350?
5
What is the hundred thousands digit of 1517695?
5
What is the thousands digit of 36131?
6
What is the hundred thousands digit of 2142652?
1
What is the units digit of 150004?
4
What is the hundreds digit of 767971?
9
What is the tens digit of 4038596?
9
What is the hundreds digit of 912628?
6
What is the units digit of 913851?
1
What is the tens digit of 103296?
9
What is the ten thousands digit of 80873?
8
What is the units digit of 332008?
8
What is the tens digit of 27743625?
2
What is the units digit of 4470636?
6
What is the hundreds digit of 1075092?
0
What is the thousands digit of 31865?
1
What is the hundred thousands digit of 7417648?
4
What is the ten thousands digit of 192380?
9
What is the thousands digit of 5589666?
9
What is the hundred thousands digit of 494599?
4
What is the units digit of 1575015?
5
What is the hundred thousands digit of 2651551?
6
What is the millions digit of 1115707?
1
What is the thousands digit of 10782136?
2
What is the units digit of 1562176?
6
What is the units digit of 808758?
8
What is the hundreds digit of 19099336?
3
What is the hundred thousands digit of 2921121?
9
What is the ten thousands digit of 211248?
1
What is the tens digit of 59943?
4
What is the hundred thousands digit of 4145697?
1
What is the ten thousands digit of 375641?
7
What is the ten thousands digit of 1747157?
4
What is the hundreds digit of 316097?
0
What is the tens digit of 20616800?
0
What is the tens digit of 3092617?
1
What is the ten millions digit of 11762952?
1
What is the hundreds digit of 31291?
2
What is the millions digit of 13789660?
3
What is the thousands digit of 615894?
5
What is the tens digit of 711518?
1
What is the tens digit of 14437980?
8
What is the millions digit of 1988587?
1
What is the tens digit of 161511?
1
What is the hundreds digit of 156332?
3
What is the tens digit of 4565643?
4
What is the hundred thousands digit of 1073330?
0
What is the hundred thousands digit of 17522549?
5
What is the tens digit of 205450?
5
What is the hundred thousands digit of 231303?
2
What is the thousands digit of 797341?
7
What is the thousands digit of 1865065?
5
What is the thousands digit of 864788?
4
What is the ten thousands digit of 929722?
2
What is the units digit of 23550491?
1
What is